se -2*u + 6*u = r. Let y(g) = g - 3. What is y(u)?
2
Let l = -16 + 20. Suppose 0*w + 12 = l*w - 2*r, 2*r = 8. Let p(y) = y**2 - 5*y - 1. Determine p(w).
-1
Let n(v) be the third derivative of -v**6/40 + v**4/8 + 11*v**3/6 - 4*v**2. Let x(o) = -2*o**3 + 2*o + 7. Let b(f) = 5*n(f) - 8*x(f). What is b(2)?
5
Let g be (-3)/((-2)/(-6)*(-15)/(-10)). Let p(b) = -b**3 - 7*b**2 - 7*b - 6. Give p(g).
0
Let k(d) = -d**2 - 10*d - 6. Let z be k(-9). Suppose z*v - 6*v = -9. Let b(u) = u**2 + v - u**2 + u**2 - 2*u. Give b(3).
6
Suppose -54 = 4*z + 2*t, 3*z - 6*z + 3*t - 27 = 0. Let f be (-3*z/9)/(-1). Let b(r) = -2*r - 3. Calculate b(f).
5
Let s(o) = -4*o**3 + o**2 + o + 1. Suppose -4*x - 10 = 3*k + 3, 3*k = -9. What is s(x)?
5
Let h(f) = -f**3 + 0 + 3*f - 5 - 4*f - 5*f + 6*f**2. Give h(5).
-10
Suppose -3*s = 6 + 9. Let y = 10 + s. Let m = -5 + y. Let q(z) = -z**3 - z**2 - z - 4. Calculate q(m).
-4
Let a(f) = f**2 + 3*f - 4. Suppose 5*t - d = -29, 2*d = 4*t + d + 24. Give a(t).
6
Let y(h) = 0*h**3 - h**3 - 2*h**2 - 3 - 1 + 1 + 3*h. Determine y(2).
-13
Let h(b) = b - 2. Suppose 0*d + 3*d = 15. Suppose -d*r + 3*r = 12. Calculate h(r).
-8
Let r(o) = 2*o + 8. Let y(j) = 3*j + 9. Let z(f) = 4*r(f) - 3*y(f). Give z(-4).
9
Let p(q) = q**3 - q. Let d be p(-1). Let w(u) = -2 + 1 - u**2 - 8*u - 2 + 9*u. Determine w(d).
-3
Suppose -r = a - 2, -5*r - 6 = -a - 16. Suppose a = -d - 14. Let s be (-21)/d*4/(-3). Let n(i) = -i**3 - 2*i**2 - 4*i - 3. Give n(s).
5
Suppose 0 = 4*z + 3*d - 7, -z = 3*z - 2*d - 2. Let m = 2 + z. Let y(a) = -a**3 + 4*a**2 + 2*a**2 - 2*a - m*a - a. What is y(4)?
8
Let w(l) be the first derivative of l + 3 + l**2 - 1/3*l**3. Calculate w(3).
-2
Let r(o) = o**3 - o**2. Let p(h) = 3*h - 5. Let j be p(2). Give r(j).
0
Let c(g) = -g**3 + 6*g**2 + 9*g - 9. Let y(t) = -t**3 - 2*t**2 + 6*t - 1. Let f be y(-4). Calculate c(f).
5
Let z be 2 - 2 - (-2 + 5). Let p(n) = 2*n - 3. Calculate p(z).
-9
Suppose 0*r = -3*r. Suppose -3*s + 6 = -r. Let z(y) = -y + s*y - 4*y + 2*y. Give z(-3).
3
Let a(p) = -p. Suppose -2*o + 7 = 3. Calculate a(o).
-2
Suppose -9*n + 15 = -6*n. Suppose i + 22 = -4*x, -i + 23 = -4*x + n. Let d(y) = 2*y + 6. Calculate d(x).
-4
Let p(r) = -r**3 - r + 1. Let z(i) = -i**3 - 16*i**2 - 21. Let a be z(-16). Let d be (-4)/14 + (-6)/a. Give p(d).
1
Let f(g) be the second derivative of g**3/3 - g + 30. Determine f(2).
4
Let s be (1/(-3))/((-2)/12). Let b(m) = 3*m + 2 - 3 + 2*m. Give b(s).
9
Let z = 1 + 4. Let j(t) = -z*t + 7*t**2 + 2*t**3 - 3*t**3 - 2*t**2. Calculate j(4).
-4
Let s(z) = 3*z**2 - 5*z + 4. Let k = 23 - 20. Determine s(k).
16
Let n(i) = 2*i**2 - 3*i + 0*i**2 - i**2. Suppose 7 = 4*w - 5. Calculate n(w).
0
Let i(x) = x + 3 - 10 + 0 - 2*x. Let b = 4 - 10. Calculate i(b).
-1
Let o(c) be the first derivative of 2*c**2 - 2*c - 3 - 2/3*c**3. Determine o(2).
-2
Let u(h) = -2*h - 2. Let x = 13 - 17. Give u(x).
6
Let k = 4 - 1. Let j(u) = -u**2 + 4*u - 4. Give j(k).
-1
Let y(d) = -3*d + 1. Suppose -16 = c + 2*z - 0, c = -4*z - 24. Let k = -11 - c. Determine y(k).
10
Let k(y) be the third derivative of y**4/24 + 2*y**3/3 + y**2. Let z = 1 - 7. Let u = z - -2. Determine k(u).
0
Suppose 2*o - 3*z = 13, z = -2 - 1. Let r(c) = 2*c**2 - 3*c + 3. Determine r(o).
5
Suppose -9 = 2*d - 17. Let g(b) = -b**2 + 4*b. What is g(d)?
0
Let x(a) = -2*a + 1. Let j be x(3). Let m(l) be the second derivative of -l**4/12 - 5*l**3/6 + 7*l**2/2 - l. Calculate m(j).
7
Suppose -y - 3 = -0*y. Let l(q) = -q**3 - 5*q**2 - 2*q + 2. What is l(y)?
-10
Let z(c) = -2*c**2 + 7*c. Suppose 2*u = -u + 9. Suppose -2*v - u*v = -25. What is z(v)?
-15
Let v(q) = q**3 + 9*q**2 + 6*q - 11. Let f = -73 - -65. Give v(f).
5
Let r(m) = -m**2 - 4*m - 2. Let w(f) = -f - 10. Let t be w(-7). What is r(t)?
1
Suppose 3*r = -4*g + 14, 2*g + 4*r + 3 = 5. Let z(d) = d - d**2 - g + 3 - 6*d. Let n(p) = p**2 - 4*p + 1. Let u be n(2). Calculate z(u).
4
Suppose t = -2*t + 6. Let i(p) = 3*p - 1. Determine i(t).
5
Let t(n) = -n**2 - 1 - 4 + 3 + 3. Let w = -5 + 7. What is t(w)?
-3
Let f(y) = -6*y**2 - 5*y - 8. Let o(u) = -5*u**2 - 5*u - 8. Let m(c) = -6*f(c) + 7*o(c). Give m(6).
-2
Let i(b) = -b**2 + 8*b + 6. Let a be i(9). Let d(n) = -2*n + 2. What is d(a)?
8
Let q(m) = m**2 + 5*m + 1. Let r be (-50)/14 - (-33)/(-77). Determine q(r).
-3
Let w be ((-4)/1 - -1) + 1. Let v(p) be the second derivative of -p - 1/6*p**4 + 0 - 1/2*p**3 - 1/2*p**2. Calculate v(w).
-3
Let g(n) = 4*n**3 + 6*n**2 - 9*n + 7. Let i(s) = -s**3 - 2*s**2 + 3*s - 2. Let f(l) = 2*g(l) + 7*i(l). Give f(2).
6
Let g(c) = -c**2 + 2*c + 1. Suppose 9*h = 4*h - 5. Determine g(h).
-2
Suppose -2*f - g = -15, -2*f + 3*g - 10 = -f. Suppose 5*l = -2*y - 15, 29 = -4*l - 0*l - f*y. Let a be l - (4/(-1) + 2). Let h(s) = 2*s**2. Determine h(a).
2
Let v(p) = 9*p + 1. Let a(b) = 3*b**2 + 2*b + 3. Let i be a(-3). Let t = i - 26. Determine v(t).
-17
Let w = -23 - -26. Suppose -2*k - w*k = -2*u + 29, 3*u + 4 = -2*k. Let i(d) = -5*d**2 + 6*d + 2. Let f(t) = t**2. Let h(b) = -6*f(b) - i(b). Determine h(k).
3
Let t(f) = -6*f - 9. Suppose 0 = 5*w + 31 - 1. Calculate t(w).
27
Let i(z) = -13*z. Suppose 0 = 5*h - 4*h + 7. Let s be (1 + 0)/(-8 - h). Calculate i(s).
13
Let p(y) = 4*y - 3. Let c(l) = -l - 1. Let h be c(-1). Suppose -3*b + 6 = -h. Determine p(b).
5
Suppose x + 4 - 23 = -3*p, -3*x - 5*p = -37. Let w(h) = h**3 - 3*h**2 - 4*h - 4. What is w(x)?
-4
Let q(h) be the first derivative of 2*h**3 + h**2/2 - h - 2. Suppose 8*p - 7 = p. What is q(p)?
6
Let s(l) = -5*l**3 - 6*l**2 - 5*l - 10. Let x(c) = 6*c**3 + 6*c**2 + 6*c + 11. Let o(j) = 5*s(j) + 4*x(j). Suppose -4*i - 44 + 20 = 0. Give o(i).
0
Let o(h) = -h**2 + 7*h - 1. Suppose 9*f - 4*f = 20. Suppose -40 = -4*n - 5*t, f*n - 18 = -t + 6. Calculate o(n).
9
Let c(z) = z**2 - 7. Let v(t) = 15*t**2 - t - 6 - 14*t**2 + t. Let n(b) = -6*c(b) + 7*v(b). Give n(0).
0
Suppose 0*o + 4*o - 32 = 0. Let g(c) = 1 + 0*c**2 - o*c - c**2 + 3*c. Let n be 6/(3*1/(-2)). Calculate g(n).
5
Suppose 0 = -6*u + 3*u + 6. Let i(w) = 7 + 0*w**u - 2*w - w**2 + 0*w. Let z = 17 + -22. Determine i(z).
-8
Let p(n) be the second derivative of -n**4/12 + 5*n**3/6 - 5*n**2/2 + 8*n. Calculate p(5).
-5
Let l(k) = -k**2 - k + 2. Let n = -16 - -10. Let x(a) = -a - 4. Let o be x(n). Determine l(o).
-4
Let t(r) = 11*r**3 + 2*r**2 + 2*r + 1. Let c = 6 - 1. Suppose 5*i = -0 - c. Determine t(i).
-10
Let c(o) = -o + 4. Let x(n) = -n + 6. Let l(k) = -3*c(k) + 2*x(k). Calculate l(1).
1
Let q = -2 - -6. Suppose -q*o + 20 = -28. Suppose -o = -5*r + 2*r + n, 5*n = -15. Let t(h) = h**3 - 4*h**2 + h - 3. What is t(r)?
-9
Let t(c) be the first derivative of 1/2*c**2 - 1 - 3*c. Let i be (3 + 1)*33/44. Give t(i).
0
Let w = -166/3 - -56. Let q(u) be the second derivative of -1/4*u**4 + 0 + 4*u + 1/20*u**5 - 5/2*u**2 - w*u**3. What is q(4)?
-5
Suppose 7 + 13 = -5*a. Let t(y) = -y - 1. Determine t(a).
3
Let b(k) = 25 - 15 - 12 - k**3 + 2*k**2. What is b(3)?
-11
Let b(v) = -v**2 + 6*v + 2. Let y(r) = -r**2 + 5*r + 1. Let n(j) = -4*b(j) + 5*y(j). Let g(x) = x**2 - 15*x - 16. Let m be g(16). What is n(m)?
-3
Let o = -7 - -11. Let b(j) = o - 3 - 4 + j. Let a be b(5). Let k(c) = 2*c. Calculate k(a).
4
Let j(r) be the first derivative of 2*r**2 - 3. Give j(-1).
-4
Let a(d) be the first derivative of -d**5/120 + d**4/8 + d**3 - 5. Let n(z) be the third derivative of a(z). Give n(5).
-2
Let q(h) = 7*h - 17*h + 0*h + 6*h. What is q(3)?
-12
Suppose -5*a = -g - 6, -3*a + 7 + 0 = -4*g. Let o(s) = 8*s**2 - s. What is o(a)?
7
Let k(p) be the second derivative of 0*p**3 + 0 + 1/12*p**4 - 1/2*p**2 + 5*p. Calculate k(0).
-1
Let b(l) = 4*l - 14. Let z be b(2). Let t(u) be the third derivative of -u**6/120 - u**5/12 + 7*u**4/24 + u**3 + u**2. Determine t(z).
0
Let b(y) = y**3 + 0 + y + 3*y - 1 + 5*y**2 + 5. Give b(-4).
4
Let s(p) = -p**3 - 7*p**2 - p - 6. Let f be s(-7). Let k(m) = 3 + f + m - 2. Let g(u) = u**3 - 2*u**2 + 2*u - 1. Let j be g(2). Give k(j).
5
Suppose 0*u - 3*r + 9 = u, 3*u - 13 = -2*r. Suppose -5*t = 2 - 12. Let q(f) = 4*f + 0*f - f**3 + 3*f**t - 2*f - 4. Give q(u).
2
Let s(u) be the second derivative of u**5/20 + u**4/12 + u**3/6 - u**2 - 20*u. Calculate s(2).
12
Let q(m) be the first derivative of m**4/4 - 3*m**3 + 7*m**2/2 + 3*m - 1. What is q(8)?
-5
Let m = 23 - 13. Let